s the highest common divisor of k and u?
12
Suppose 3*q = 2*q - 85. Let i = q - -155. Let w be 10/(-35) + (-198)/(-7). Calculate the highest common divisor of w and i.
14
Let j be 4/14 + (-2524)/14. Let r(c) = -155*c - 6. Let z be r(2). Let h = j - z. Calculate the greatest common factor of 17 and h.
17
Suppose -3549 = -5*a - 1254. What is the greatest common divisor of 102 and a?
51
Let d(m) = -m**2 + 11*m - 18. Let l be d(12). Let t = l + 135. What is the greatest common factor of 7 and t?
7
Let p(u) = 2*u - 7. Let h(l) = -l + 1. Let c(b) = 3*h(b) + p(b). Suppose -4*y = -7*y - 18. Let d be c(y). What is the greatest common factor of 2 and d?
2
Let h(u) = -u**2 - 16*u - 4. Suppose 0 = 3*p + p + 56. Let c be h(p). Suppose -3*v - v + 12 = 0. Calculate the highest common divisor of v and c.
3
Suppose -4*d - 2*b + 188 = 0, -5*b - 47 = -d - 2*b. What is the highest common divisor of d and 517?
47
Suppose 0 = -4*o - 3*u + 21, -3*o - o = -5*u - 61. Calculate the greatest common divisor of o and 2.
1
Suppose 5*u + 3*d - 255 = 0, u - 36 - 15 = d. Let n = -160 - 345. Let i be (-2)/(-6) - n/15. Calculate the greatest common divisor of u and i.
17
Let b(r) = -2*r + 22. Let k be b(-6). Suppose -4*i + k = 2*x, 3*x + i = -x + 40. What is the highest common divisor of x and 9?
9
Let p(j) = 2*j**2 + 12*j + 1. Let i be p(-6). Let t be 1*-46*i*3/(-6). Let h = 193 - 32. What is the greatest common divisor of h and t?
23
Let g = 65 + -10. Let q(y) = y**3 - y**2 + 2*y + 3. Let f be q(2). Calculate the greatest common divisor of f and g.
11
Suppose 3*r + 2*r - 4 = 2*g, 4*r = g + 5. Suppose -r*x + 4*t = x - 13, -5*t = 5*x - 10. What is the highest common factor of 4 and x?
1
Let w(y) = 37*y - 17. Let g be w(2). Calculate the greatest common factor of 456 and g.
57
Let b = 434 - 162. Calculate the greatest common factor of 17 and b.
17
Let z = 298 - 286. Calculate the greatest common divisor of z and 8.
4
Let g = 383 - 348. Let w be -2*7*1/(-2). What is the highest common factor of g and w?
7
Suppose -5*f = -0*f + 4*i - 44, -f = -4*i - 4. Suppose -3*k - 1 = f. Let w be ((-62)/(-6))/(k/(-18)). What is the highest common divisor of w and 155?
31
Let y be 1 + (-134)/(-2) - 2. Let n = -70 + 114. What is the highest common divisor of y and n?
22
Let z be (-111)/(-2) + 2/4. Suppose 8846 = 30*u - 4594. Calculate the highest common factor of z and u.
56
Let j(w) = 18*w**2 - 6*w + 48. Let f be j(5). Calculate the greatest common factor of f and 9.
9
Let w be (5 + -2)*(-5)/(-3). Suppose -12 = 2*g - w*g. Suppose -r + 31 = g*h, -2*h + 4 = -h. What is the greatest common divisor of r and 135?
15
Let c(o) = 222*o - 11. Let x(k) = -56*k + 3. Let z(f) = -2*c(f) - 9*x(f). Let b be z(1). Calculate the greatest common factor of b and 5.
5
Suppose c = -m - m + 82, -2*c + 3*m = -178. Calculate the greatest common factor of c and 215.
43
Let z be (385/(-15))/((-13)/234). Calculate the highest common factor of z and 330.
66
Suppose 0 = -t + 4 - 10. Let k(q) = -10*q - 44. Let c be k(t). What is the highest common divisor of 24 and c?
8
Let p be 25/(-6) + (-8)/(-48). Let h be ((-1)/(-2))/(p/472). Let r = 89 + h. What is the greatest common factor of 75 and r?
15
Let b be 4/6*(-48)/(-32). Let w be b/2*(7 + 13). Calculate the highest common divisor of 4 and w.
2
Let i = 36 + 9. Suppose -s + 4*s = i. Suppose 19*b - 150 = 14*b. Calculate the greatest common divisor of s and b.
15
Let y = 142 - 52. What is the highest common factor of 90 and y?
90
Suppose -3*v = -5*v + 52. Let a = 49 - v. Suppose a = 5*g - 7. What is the highest common factor of g and 24?
6
Let a(x) = x**2 + x + 4. Let v(c) = -c**3 + 4*c**2 + 7*c - 1. Let n be v(5). Let y = n + -13. Let l be a(y). Calculate the greatest common factor of 128 and l.
16
Let n = -3 - -5. Let c = -5595 + 5629. What is the greatest common factor of n and c?
2
Let a(r) = -r**3 + 13*r**2 - 8*r - 2. Let u be a(8). Suppose 9*x - 124 = u. Calculate the highest common divisor of 63 and x.
21
Let g(h) = 2*h**2 - 8*h + 3. Let u be g(7). Suppose 3*i - 2*s = -8, -5*i + 5*s = 3*s + 8. Suppose f + i*f = 5. What is the highest common factor of u and f?
5
Let d be -11 - (-1 + (-2 - -1)). Let g(c) = c**3 + 9*c**2 - 3*c + 15. Let r be g(d). Calculate the greatest common factor of 14 and r.
14
Let i(c) = -c**2 + 8*c + 19. Suppose -7 = 4*d - 5*d. Let u be i(d). What is the greatest common divisor of 234 and u?
26
Suppose -2*s + 129 = 29. What is the highest common factor of s and 20?
10
Let c(v) be the third derivative of v**4/6 + 5*v**3/6 + 16*v**2. Let q be c(1). Suppose -28 = -2*p + 134. Calculate the greatest common factor of p and q.
9
Let x = 43 + 155. Suppose 4*r + x = 3*o, -4*o + r + 144 + 133 = 0. Calculate the greatest common divisor of 10 and o.
10
Let q(f) = -34*f + 5. Let i be q(-1). Let l = i - -12. Calculate the greatest common divisor of l and 3.
3
Let m be -3 - 2 - -7 - -1154. Suppose 7*y - m = 3*y. Calculate the highest common divisor of 17 and y.
17
Let d = 67 + -10. Let p be (2 - 1)/1*(0 - 8). Let a = p - -46. Calculate the highest common factor of a and d.
19
Let b(i) = -2*i - 1. Let q be b(-2). Suppose 3*f - 423 = -3*u, -2*f - q*u + 277 = -2*u. Let d = 7 + 10. Calculate the highest common divisor of f and d.
17
Suppose 0 = 3*s + 20 - 89. Let w = -21 + s. Suppose -w*b + b = -60. Calculate the highest common divisor of b and 24.
12
Let s(x) = x - 2. Let c be s(5). Let o = -2871 - -2873. What is the greatest common factor of c and o?
1
Let l be 6*-4*(-1)/2. Suppose -l = -2*r - 4. Suppose -6*f = -2*f + n - 41, -r*f = -4*n - 36. What is the greatest common factor of 10 and f?
10
Let i(z) = 6*z + 11. Let w(j) = -13*j - 23. Let t(s) = 14*i(s) + 6*w(s). Let f be t(0). What is the highest common factor of f and 16?
16
Suppose -5*o = -s + 1180, -4*o = -0*s + 2*s - 2332. What is the greatest common divisor of 78 and s?
78
Suppose 0 = -2*b + b - 18. Let g = 0 - b. Calculate the highest common divisor of g and 6.
6
Suppose -4*h = -5*p + 6 - 14, -4*h + 8 = -p. Suppose 3*v = -3, -4*i - i - 7 = h*v. Let z be 53 - i - (-1 + -1). Calculate the highest common divisor of 7 and z.
7
Suppose -1121 = -5*r + 729. What is the highest common divisor of r and 10?
10
Let k be ((-96)/(-20))/(-2 - 9/(-5)). Let j be -14*(18/k + 1/(-4)). What is the greatest common divisor of j and 35?
7
Let t = 2115 - 2015. Calculate the greatest common factor of 20 and t.
20
Let v = 166 + -91. Suppose -3*p = 3*b + 24, 5*p = 4*b + b + 30. Let g be (-309)/(-21) - -2*(-1)/b. Calculate the highest common divisor of v and g.
15
Let s(k) = k**3 - 8*k**2 + 4*k - 3. Let w be s(6). Let l = 56 + w. Calculate the highest common divisor of 40 and l.
5
Suppose n = -2, 9*h + n = 7*h + 88. Let p(o) = 2*o**3 - 5*o**2 + 4*o - 3. Let r be p(3). What is the highest common factor of h and r?
9
Suppose -45*v - 24795 = -74*v. Calculate the greatest common factor of 5 and v.
5
Suppose 5*i + 5*q + 72 + 23 = 0, 0 = -5*i + q - 107. Let o = i - -32. Let n = 4 + o. Calculate the greatest common factor of 105 and n.
15
Suppose 5*q + 182 - 49 = 4*j, q + 65 = 2*j. What is the greatest common factor of j and 96?
32
Suppose -3316 = -4*a - 2952. Calculate the highest common divisor of 175 and a.
7
Suppose 0 = -4*i - 17 - 375. Let m be ((-4)/(-14))/((-7)/i). Let c = 3 - -9. What is the highest common divisor of m and c?
4
Let g(f) = 12*f - 3. Let u be (-4)/16 - (-11)/(-4). Let q = 7 + u. Let j be g(q). What is the greatest common factor of 15 and j?
15
Let x(p) = 81*p**2 + 3*p - 4. Let t be x(1). Suppose -115 = -4*n + 3*r, -3*n + 2*r - r + t = 0. Calculate the greatest common factor of 100 and n.
25
Let i be 3/(5 - 124/26). What is the highest common divisor of 1261 and i?
13
Let w(g) = -g**3 - 11*g**2 - 5*g + 25. Let y be w(-11). Let c = y - -41. What is the greatest common factor of c and 11?
11
Let j(r) = -2*r**3 + 23*r**2 - 2*r - 1. Let v be j(11). Suppose 0 = -5*c + v + 127. Calculate the greatest common divisor of 9 and c.
9
Let j(r) = -3*r + 5. Let t be j(4). Let b be t/(14/12)*-4. What is the highest common divisor of b and 36?
12
Let d(g) = -18*g**3 + g**2 + 1. Let z be d(-3). Let v = -292 + z. Calculate the highest common divisor of 12 and v.
12
Let c be (-3)/(-6) - -1 - 3610/(-20). Calculate the greatest common d